 -w - 23, 0 = -5*w - d*y + 2*y - 101. Is (-6)/w + 6013/49 prime?
False
Let a = 29455 + -8606. Is a composite?
False
Let l = 18 - 12. Is (321*-1)/((-6)/l) a prime number?
False
Let b be 0 - (-4 - -1) - 3. Suppose b = -4*u - u + 3*o + 112, 4*u - 91 = o. Suppose -5*d - 4*x + 110 = x, -5*x - u = -2*d. Is d a prime number?
True
Suppose 90 = b - 70. Suppose 0 = -3*x + 185 + b. Is x a composite number?
True
Suppose -20 = -4*b, -46*b + 42*b + 11457 = f. Is f prime?
True
Let d be 2/(-12)*-9*-294. Let v = d + 3746. Is v composite?
True
Suppose 5*s - 21 = -3*y + 21, 0 = -5*y - 5. Let o(l) = 19*l + 14. Let q be o(s). Let w = q + 14. Is w a prime number?
True
Suppose -p + 29 - 1 = -5*k, 3*p - 5*k - 34 = 0. Suppose 998 = 5*t - p*t. Is t composite?
False
Let w(f) = -f**3 + 20*f**2 - 19*f - 1. Let j = -12 - -27. Is w(j) a composite number?
False
Let s = -681 + 1210. Is s a prime number?
False
Suppose 1 - 21 = v. Let z = v + 27. Suppose -8*l + 303 = -z*l. Is l a composite number?
True
Let o = 3951 - 1194. Let c = -1808 + o. Is c a composite number?
True
Let x(m) = 13*m - 25. Let i be 6/(-3) - (-40)/5. Is x(i) a prime number?
True
Let c(k) = 8*k**3 - 6*k**2 + 21*k - 29. Is c(16) a composite number?
True
Let b(a) = -47*a**2 + 2*a + 1. Let t be b(5). Let g = t - -2828. Suppose 3*w = -5*l + 1237, -2*w - 3*l + g = 2*w. Is w prime?
True
Let a(c) = -11*c**3 + 6*c**2 - 3*c + 24. Let r(d) = -17*d**3 + 9*d**2 - 5*d + 36. Let g(f) = 8*a(f) - 5*r(f). Is g(-5) a prime number?
True
Let u(b) = 11*b**3 - 27*b**2 - 8*b + 1. Is u(11) a composite number?
False
Let b = 14 - 12. Suppose 4*k = -b*u - 19 + 7, -13 = -2*u + k. Suppose -j + 1895 = u*j. Is j a composite number?
False
Suppose 3*q - 6*q = v + 19, 3*q - 4*v + 44 = 0. Let l(w) = 4*w**2 + w + 1. Let y be l(q). Suppose 779 - y = 2*h. Is h composite?
True
Let r = -9 + 18. Let t = r - 5. Suppose 0 = 3*c + h - 88, -c = t*h - 2*h - 21. Is c prime?
True
Suppose -5 = 5*u, 18*u - 13*u - 60478 = -3*q. Is q prime?
True
Let t(v) = 9*v**2 + v + 1. Let k be t(3). Suppose k = w - 86. Suppose -524 = -5*h + w. Is h prime?
True
Is 46/(-69) + (4187/3 - -2) a composite number?
True
Let u(o) = -25*o - 7. Let i(q) = -4*q - 1. Let f(l) = -39*i(l) + 6*u(l). Let c be f(1). Suppose 3*h - 4*r - 124 = -3*r, -114 = -c*h + 3*r. Is h prime?
True
Suppose 3*r + 9*p = 12*p - 18, 14 = -3*r + 2*p. Is -7 + 4 + 1282 + r + 0 prime?
True
Let a(w) = -w**3 + 15*w**2 - 6*w + 2. Let x = -12 + 25. Let r be a(x). Suppose 0 = -2*c + 1294 + r. Is c prime?
False
Let s(j) = j + 18. Let g be s(-14). Suppose r = -4*k + 3*r + 8, -2*k - r + g = 0. Is 8/8 + 72/k a composite number?
False
Is ((-2)/(-4))/(5/(-13780)*-2) a composite number?
True
Let m be (-5 - (-873)/12)*20. Suppose 3*a + 4766 - m = 3*x, 1137 = x - 3*a. Is x prime?
False
Let o = 108701 - 69810. Is o prime?
True
Is 405945/31 - (0 + 6) composite?
True
Let z be (4*-1)/(84/(-18) + 4). Suppose -z*w - 5919 = -9*w. Is w a prime number?
True
Is (3 + 0)*(-8)/((-96)/7172) composite?
True
Let a be 2*1/2*3. Suppose 2 + 2 = -4*r, 0 = -a*n + 3*r + 4182. Is n a prime number?
False
Suppose 0 - 10 = -2*n. Suppose 2 = n*f - 3*d + 2*d, 0 = -3*f - 5*d + 18. Is f/(-3) + 4632/18 a prime number?
True
Suppose -4*v - u + 0*u + 6768 = 0, -4*v + 6768 = -2*u. Suppose 3*f - v = -f - x, f - 402 = 5*x. Is f a composite number?
True
Let u be 66/(-4)*36/(-27). Suppose -u*i + 26*i = 3484. Is i a composite number?
True
Suppose l - 6*l - 12 = 3*a, -a - 4 = 4*l. Suppose -2*q + 315 = -l*q + n, -4*n - 489 = -3*q. Is q a prime number?
False
Let t(c) = c - 7. Let j be t(7). Suppose 0*u + 9*u - 648 = j. Let z = -51 + u. Is z a composite number?
True
Is ((-3)/4)/(153/(-752964)) composite?
False
Let o be ((-6)/15)/(2/20). Let f be (o/6)/(6/(-4959)). Let t = f + -258. Is t a prime number?
True
Is (124/(-93))/(4/(-2019)) prime?
True
Let g be (11/22)/((-2)/(-8)). Suppose 0 = 4*o - 4*q - 3612, 3*o - 3742 = g*q - 1035. Is o prime?
False
Let u = 191 + 2828. Is u prime?
True
Let u(s) = -s**3 - s + 2. Let i be u(0). Suppose 3*w + 266 = i*n - 525, -796 = -2*n - 2*w. Is n a prime number?
True
Let a = -9 - -101. Is (a/(-12))/((-3)/153) a prime number?
False
Suppose -2 = -w - 1. Let p be 3*44 + w - -3. Let h = p - 41. Is h a prime number?
False
Let t(j) = -j**3 - 7*j**2 + 1. Let l be t(-7). Suppose -q + l = -232. Is q a composite number?
False
Let t(i) be the third derivative of -i**6/120 + i**5/12 - i**4/6 + i**3/3 + 3*i**2. Let a be t(3). Suppose -a = -d + 26. Is d a prime number?
False
Is (6706/(-28))/((-1)/2) a prime number?
True
Let r(t) = -5*t**3 - 26*t**2 + 29*t + 41. Is r(-18) composite?
True
Suppose 2*r + 15 = -r, -r = 2*d - 4869. Is d composite?
False
Let n(w) = 4004*w + 251. Is n(4) composite?
False
Let x(p) = -p**2 - 5*p + 8. Let s be x(-5). Suppose q = 3*a + 548, 0 = -3*q + s*a - 4*a + 1634. Is q composite?
True
Let a(v) be the third derivative of -29*v**4/24 - 7*v**3/6 - v**2. Suppose 2*z + 10 = 0, h + 3*z + 23 = -h. Is a(h) a prime number?
True
Let f be (10/6)/((-10)/(-24)). Let i(h) be the third derivative of h**6/24 - h**5/20 - h**4/12 - 5*h**3/6 + h**2. Is i(f) prime?
False
Let i = -571 - -1145. Suppose 5*g - 539 = 12*g. Let q = g + i. Is q a prime number?
False
Let g = 1287 + 226. Is g prime?
False
Is 36179 - (1 + (-2 - 5)) a composite number?
True
Let k(i) = 3*i**3 + 5*i**2 + 5*i - 8. Let n be k(-6). Let p = n - -280. Is -3 - (p - -2) - -2 a composite number?
False
Let x = 7 + -4. Let v be 117/1 + x - 0. Let j = v + -67. Is j prime?
True
Let c = -13 + 97. Suppose 5*b - c = 3*b. Suppose 105 = 3*j - b. Is j a prime number?
False
Suppose -22*p = t - 17*p - 8476, 2*t = p + 17007. Is t composite?
False
Let s = -2414 - -6025. Is s composite?
True
Suppose -678161 = -53*m + 1015560. Is m composite?
False
Let c = 14147 + 4338. Is c composite?
True
Let g(f) = 2*f**3 + 42*f**2 - f - 2. Is g(-21) a composite number?
False
Let r be (-1141)/9 - 8/36. Let i = r - -392. Is i a prime number?
False
Let g = -3174 + 5543. Suppose 6*m = 1417 + g. Is m a composite number?
False
Let u(o) = 2*o**2 - 4*o - 3. Let j be u(-1). Suppose 0 = j*f - 2*l - 2557, -7*f + 4266 = -2*f + l. Is f a prime number?
True
Let n be (12/10)/((-12)/(-7120)). Suppose -n = 3*c - 4243. Is c prime?
False
Let f = -7313 + 15204. Is f composite?
True
Suppose 0 = -4*h - n + 411319, h - 102817 = -0*h + 4*n. Is h a composite number?
False
Let h(t) = -26*t + 5. Let m(k) = -1. Let u(j) = -h(j) + 2*m(j). Let i be 4 - (3 - (-2)/(-1)). Is u(i) composite?
False
Let c(k) = 3*k**2 + 5*k - 23. Is c(11) a composite number?
True
Suppose -3*l + 2*l + 2*l = 0. Suppose 4*z + 2*q - 217 = 5*q, q - 5 = l. Is z a composite number?
True
Suppose 11*n = 28059 + 49282. Is n a prime number?
False
Suppose 0 = -5*t + 16 - 6, -4*u - 5*t = -18. Suppose 17 = u*j - 161. Is j a composite number?
False
Let n(j) be the second derivative of 0 - j - 1/6*j**3 + 0*j**4 - 3/2*j**2 + 1/20*j**5. Is n(3) prime?
False
Suppose -6734 = 3*s - 31523. Is s a prime number?
True
Let n = -2217 - -3218. Let j = -607 + n. Is j composite?
True
Let g be (-2)/(-2) + (2 - -593)/(-1). Let a = g - -1489. Is a a prime number?
False
Suppose 2*g + g - s - 84608 = 0, 5*g = 4*s + 141025. Is g prime?
True
Let g = 3518 - -11877. Is g a prime number?
False
Let d(k) = -102*k - 3. Let x(z) = z + 1. Let f(b) = d(b) - 2*x(b). Let j be f(-5). Suppose -5*q - j = -2*p - 74, 4*q - 896 = -4*p. Is p composite?
False
Suppose -5*q + 27405 = -4*c - 16482, 26327 = 3*q - 5*c. Is q prime?
True
Suppose -2*y - 140542 = -2*q, 0 = -53*q + 48*q + y + 351355. Is q a prime number?
True
Let w(o) = -o**2 + 3*o + 8. Let s be w(5). Let p be (s/(-2))/(1/3). Suppose -p*c + 82 = -320. Is c composite?
True
Let x(y) = y**3 + 11*y**2 + 4*y + 6. Let o(d) = d**3 + 11*d**2 + 3*d + 6. Let t(i) = -5*o(i) + 6*x(i). Let k = 7 + -16. Is t(k) prime?
False
Suppose -791 + 111 = -5*p. Suppose p = d - 99. Is d a composite number?
True
Let x(a) be the third derivative of a**5/60 - a**4/24 + a**3/6 - 15*a**2. Is x(-11) composite?
True
Let t(s) = 41*s**2 - 5*s - 21. Let c be ((-18)/(-27))/((-2)/36). Let b be t(c). Suppose 4*j - 3149 = -3*x, 4*j - b + 708 = -5*x. Is x composite?
True
Let y(n) = 11*n**3 - n**2 - n + 10. Is y(5) composite?
True
Let l(n) = 203*n + 5. Let c be l(4). Let k = c - -544. Is k a composite